 -2*g - 9*r + 6*r + 14. Let u(d) = -3*d + 26. Determine u(g).
5
Let i be (-48)/(-9 - -15) + 4/2. Let q(f) = -f**3 - 3*f**2 - 5. What is q(i)?
103
Suppose -41*u = -356 + 28. Let n(l) = -9*l + 80. Give n(u).
8
Let b(q) = -4*q + 17. Suppose 8*m = -4*z + 3*m + 175, -2*m - 2 = 0. Suppose i + 2*h + 6 = 0, -4*i + z - 14 = -3*h. Determine b(i).
1
Let n(c) = -53*c**2 - 3*c - 3. Let t be 30/20 - (-6 - -3*51/18). Determine n(t).
-53
Let b(s) be the second derivative of -s**8/6720 + s**7/504 + s**6/90 - 3*s**5/40 + 14*s**4/3 + 2*s + 4. Let l(h) be the third derivative of b(h). What is l(6)?
3
Let r(s) = -s**3 - 3*s**2 - 3*s - 4. Suppose -z - 3*t - 9 = 0, 40*t = 4*z + 37*t + 6. Give r(z).
5
Let v(m) be the first derivative of 7*m**3/3 - 5*m**2 - 4*m - 3635. What is v(-3)?
89
Let q(u) = -4 + 8*u - u**2 + 9*u - 5*u. What is q(9)?
23
Let b be 1 + (-2 - -1) + 0. Let u(w) = w - 196092 - 196100 - w**2 + 392208. Give u(b).
16
Let b(f) = 24*f**2 - 296 + 572 - 270 + 6*f. What is b(-2)?
90
Let o = 203 - 197. Let u(f) = 5*f - 18. Give u(o).
12
Let i be -3 - (-1 + 2/2). Let a(g) be the first derivative of g**4/4 + g**3 - g**2 - 4*g - 142. Calculate a(i).
2
Let k(q) = 11*q**3 + 12 + 18*q**3 + 4*q - 5*q**2 + 7*q**3 - q**2 - 37*q**3. Determine k(-6).
-12
Let k(j) = j**2 + 3*j - 2. Let b(u) = -u**2 + 22*u + 29. Let y be b(23). Let q be ((-6)/4)/(99/(-18) + y). Give k(q).
-2
Suppose -4*d + 26 = 2. Suppose 5*m = 8*m - d. Let j(h) = -1 + h**3 - m + 5*h + 4*h**2 - h**2 + 5. Determine j(-3).
-13
Let z(m) = -2*m**3 + 7*m - 12. Let b = 15716 + -15719. Give z(b).
21
Let l(p) = 41*p - 13. Let h(b) = 33*b - 11. Let s(n) = 5*h(n) - 4*l(n). Suppose 8 = -5*w - 7. Calculate s(w).
-6
Suppose 43 = -16*p + 11. Let o(j) be the first derivative of -3*j**2/2 + 2*j - 9. Determine o(p).
8
Let u(b) be the second derivative of 7*b**6/360 + b**5/60 - b**4/24 - 62*b**3/3 + 259*b. Let d(g) be the second derivative of u(g). Calculate d(-2).
23
Let j(f) = -17*f**2 + f**3 + 14 - 1445033*f + 3 + 1445032*f. Let r = 49 - 32. Give j(r).
0
Let q(s) be the first derivative of -s**3/3 - s**2/2 + 7*s - 7. Let a(v) = -v**2 + 18*v + 31. Let h be a(19). Suppose -5*f - 85 = h*f. Calculate q(f).
-13
Let h(c) = 3*c + 49. Let a = -9364 + 9351. Give h(a).
10
Let f(x) = -4*x - 85. Suppose -5*b + 5 = -25, -2*k - 3*b - 18 = 0. What is f(k)?
-13
Let w(m) = m + 9. Let y(z) = z**2 + 6*z - 41. Let r be y(-11). Suppose -r*t = -17*t - 27. Give w(t).
0
Let z(m) = m**2 + m - 5. Let t(n) = 2*n**2 - n + 1. Let h(w) = 9*w**2 - 17*w - 22. Let b(y) = -h(y) + 4*t(y). Let a be b(15). Determine z(a).
7
Let b(a) = 4610374*a + 5 - 4610384*a - 22. Give b(0).
-17
Let b be (-378)/21*(-4)/24. Let g(j) = -j**3 + 5*j**2 - 9*j + 4. What is g(b)?
-5
Let z(s) be the second derivative of -s**4/12 + 3*s**3/2 - 3*s**2 - 5*s + 189. Suppose 0 = x + 5*h - 7, -7 = -x - h - 0. Give z(x).
8
Let l(t) = -t**2 - 8*t - 4. Let h(o) = -o**3 + 13*o**2 + 13*o + 7. Let b = 44 + -46. Let d be 368/26 + -4*b/(-52). Let i be h(d). What is l(i)?
3
Let v(x) = x**2 - 16*x - 81. Suppose -30 = -5*a + 9*a + 7*r, 0 = -5*a + r - 18. Calculate v(a).
-1
Let f(n) = -n**2 - 171*n + 520. Let h be f(3). Let y(r) = -30*r - 29. Give y(h).
31
Let c(u) = -6*u**2 + 403*u + 19. Let t(w) = -4*w**2 + 253*w + 13. Let z(f) = 5*c(f) - 8*t(f). Let s = -8 + 15. What is z(s)?
26
Let w(v) = -v**3 + 11*v**2 - 5*v - 7. Let o be w(10). Let i = -39 + o. Suppose 4*k + 12 = -i*t, 5 + 1 = -2*k - t. Let b(d) = -d - 4. Calculate b(k).
-1
Let k(q) = q**2 - 2*q - 6. Let n = -360 + 360. Suppose 4*b - 8 - 4 = n, -3*b = z - 9. What is k(z)?
-6
Let z(m) = 5*m + 5. Let h be 2/16 + (-351)/(-72). Suppose 2*j + 10 = 3*u, 13 + 12 = 5*u + h*j. Suppose 76 - 92 = u*d. What is z(d)?
-15
Let k = -171588 - -171587. Let f(r) = r - 1. Let q be f(2). Let z(b) = 14*b + 0 + q + b. Give z(k).
-14
Suppose -5*g = 4*u + 90, 3*g - 4*u + 101 = 143. Let o(t) = 2 + 2*t**2 + 6 + 6*t**2 + t**3 + 12*t. Determine o(g).
8
Suppose 348 = 2*s + 2*s. Suppose 85*r - 16 = s*r. Let p(l) be the second derivative of l**5/20 + 2*l**4/3 - l**3/6 - 5*l**2 - 10*l. Give p(r).
-2
Let c(x) be the third derivative of x**6/120 - 13*x**5/60 - x**4/12 + 5*x**3/3 + 8*x**2 - 24*x + 2. Calculate c(13).
-16
Let f(x) = -44*x**3 + 2*x**2 - 3*x + 6. Let h be f(2). Let w = h - -346. Let s(i) = i + 2. What is s(w)?
4
Let s(f) = f**3 + 3*f**2 - 5*f - 3. Suppose 4*m + 3*m + g + 155 = 0, 3*m + g = -67. Let b(c) = c + 19. Let a be b(0). Let u = a + m. Give s(u).
12
Let i = -316 - -379. Let o(w) = -33*w - 19*w + i*w. Determine o(-1).
-11
Let u(z) = -z**2 + 5*z + 2. Let m(g) = -2*g**2 - 33*g - 48. Let v be m(-15). Let q be (3 + 10/v)/((-5)/105). What is u(q)?
-12
Let x = -150 - -237. Let u be (-12)/18 + -3 + x/9. Let y(n) be the third derivative of -n**5/60 + 5*n**4/12 - 7*n**3/6 + 12*n**2. Calculate y(u).
17
Let j(z) = -11*z**2 - 16*z - 17. Let a(t) = -8*t**2 - 16*t - 17. Let o(k) = -4*a(k) + 3*j(k). What is o(17)?
0
Let c = -7 - 1. Let i(z) = -36*z - 54. Let p(y) = 53*y + 71. Let k(r) = -3*i(r) - 2*p(r). What is k(c)?
4
Let c(d) = 9*d**2 - 4*d - 136. Let p(a) = -8*a**2 - 1. Let j(q) = c(q) + p(q). Determine j(14).
3
Suppose 53 = 2*i + o - 12, -2*o = -2*i + 80. Suppose 6*s - i = s. Let m(g) be the first derivative of -g**3/3 + 3*g**2/2 + 4*g + 2. What is m(s)?
-24
Let t(r) be the third derivative of -r**7/2520 + r**6/120 - r**5/24 - 71*r**4/24 - 79*r**2. Let v(k) be the second derivative of t(k). Give v(5).
0
Let q(y) = y**3 - 12*y**2 - 2*y + 33. Let u = -15248 - -15260. Determine q(u).
9
Let k be (-4 + 1)*(-32)/(-192)*0. Let j(i) = 10*i + 36. What is j(k)?
36
Suppose -2*g + 195 = g - q, -5*g = 3*q - 339. Let y = g - 62. Suppose -11*h - y = -7*h. Let n(l) = -4*l**3 - 2*l**2 + 1. Calculate n(h).
3
Let j(s) = 58*s**3 - 43*s**2 - 11*s - 51. Let i(d) = 23*d**3 - 21*d**2 - 5*d - 26. Let g(a) = 5*i(a) - 2*j(a). What is g(-19)?
29
Let f(p) = -p**2 + 14*p - 19. Suppose -6*b + 3*b + 2 = 4*t, -5*t = 5*b - 5. Let j be (-6)/t + 0 - -7. Determine f(j).
-6
Let b(k) be the third derivative of -4*k**2 - 1/60*k**5 + 0*k - 7/6*k**3 + 25 - 1/4*k**4. Give b(-5).
-2
Let a be 20/(-6) + 2 + (-147)/(-9). Let m(s) = 0 + 7*s + 12*s + 2 - a*s + 2*s**2 + 4. Determine m(-4).
22
Let r(a) = a**3 + 6*a**2 + 2*a + 9. Let v(y) = -1 + 1 - 15 - 5 - 9*y - y**2. Let b be v(-7). Calculate r(b).
-3
Let v(p) = -8*p + 5. Let w(n) = 7*n - 5. Let o(y) = -6*v(y) - 7*w(y). Let b be 2 - 2/(((-90)/(-24))/15). Give o(b).
11
Let m(i) = 2*i**3 + 21*i**2 - 11*i - 2. Suppose l = -5*u - 31, 3*u = 1716*l - 1720*l - 56. Give m(l).
-2
Let i(b) = 19*b**2 + b. Let m(h) = 7*h**2 - 11*h + 13. Let q be m(1). Suppose 18*d - q*d = 9. What is i(d)?
20
Let t(n) = n**2 - 5*n. Let k be 1 - (-21)/(-14)*4/(-3). Suppose 3*b + k = -3*p, b = -3*b + p - 9. Let z be 3 - b/4*6. Determine t(z).
6
Let l(a) be the second derivative of -a**4/12 - a**3/2 + a**2/2 + 3*a. Suppose -24*h = -6*h. Suppose 4*w + h*w - 13 = 5*s, -2*s - 10 = 0. What is l(w)?
1
Let o(l) = 376*l + 746. Let v be o(-2). Let s(n) = n**3 + 4*n**2 - 17*n - 20. Calculate s(v).
10
Let k(x) = -x**3 - 17*x**2 + 7*x + 15. Let f be k(-13). Let w = 754 + f. Let g(a) = -3*a**2 - a - 1. Give g(w).
-15
Let p(n) be the second derivative of -n**6/40 + n**4/24 - n**3/3 - 31*n**2 + 9*n - 3. Let y(f) be the first derivative of p(f). What is y(-2)?
20
Let l(q) = -6*q - 36. Let z(x) = 20*x + 128. Let u(d) = 7*l(d) + 2*z(d). Suppose -30 = 17*o + 38. What is u(o)?
12
Let r = 9 + -3. Let o(h) = -13*h. Let m(b) = 9*b + 1. Let q = -50 - -45. Let j(n) = q*o(n) - 7*m(n). Give j(r).
5
Suppose 4*x + 87 - 23 = 0. Let k(y) = 4*y + 53. Let h be k(-8). Let n = x + h. Let l(w) = w**3 - 4*w**2 - 7*w + 4. Give l(n).
-6
Suppose q = -5*d + 14, -2*d + 26 = -q - 2*q. Suppose 31*o + 3 = 34*o. Let t(i) = -5*i + 5. Let c(f) = -f. Let y(k) = o*t(k) + q*c(k). Give y(-4).
1
Let m be ((-3)/(-12)*5)/((-5)/40). Let w(u) = u**3 + 8*u**2 - 23*u - 10. Determine w(m).
20
Let r(b) = -1 + 5*b**2 + 4*b**2 + 2 + 2*b**3 - 6*b - 5. Determine r(-5).
1
Let m(g) = -2*g - 2. Let i(c) = -3*c - 5. Suppose -1282 + 182 = -10*y. Let u = y + -115. Let a(l) = u*m(l) + 3*i(l). Determine a(-6).
-11
Suppose -2*y = -5*t - 22, 5*y + 9*t - 55 = 10*t. Let m(p) = p**3 - y + 0*p**3 + 8*p - 9*p**2 + 3*p**3 - 3*p**3 + 9. What is m(8)?
-2
Let t(s) = 46*s**3